= -b + 9. What is f(2)?
7
Let s(k) = -k**3 + 5*k + 4. Give s(-3).
16
Let v(o) = o + 31. Calculate v(-14).
17
Let s(v) = v**2 + 9*v + 20. Determine s(-5).
0
Let c(y) = 8*y**2 - 54*y + 13. Determine c(7).
27
Let q(l) = -3*l**3 - 16*l**2 + 3*l + 1. Calculate q(-5).
-39
Let r(v) = -v**2 - 10*v + 8. Calculate r(-10).
8
Let g(y) = 17*y - 5. What is g(2)?
29
Let l(d) = 2*d**2 - 10*d + 8. Determine l(5).
8
Let a(h) = -h**3 + 8*h**2 + 10*h - 4. Give a(9).
5
Let b(p) = 10*p**2 - 4*p - 3. Give b(-2).
45
Let b(n) = -n + 31. What is b(28)?
3
Let g(n) = -7*n**3 - n**2 + n + 1. Give g(-1).
6
Let y(s) = -s - 10. Give y(-4).
-6
Let y(i) = -i**3 + 14*i**2 - 7*i + 91. Determine y(14).
-7
Let x(s) = -s**3 + 3*s**2 + 2*s. Calculate x(3).
6
Let n(s) = -s**3 + s**2 - 7*s + 4. Give n(4).
-72
Let t(d) = -4*d**2 + 62*d - 114. What is t(2)?
-6
Let m(s) = s**3 + 2*s**2 + s - 9. What is m(-5)?
-89
Let u(f) = 53*f - 217. What is u(4)?
-5
Let t(j) = -17*j - 643. Give t(-38).
3
Let i(t) = 5*t**2. What is i(-1)?
5
Let z(q) = 3*q**2 + 4*q - 31. What is z(-5)?
24
Let i(o) = 2*o**2 + 11*o + 5. What is i(-3)?
-10
Let x(a) = a**2 - 28*a + 32. Calculate x(26).
-20
Let s(c) = -c**2 + 13*c + 6. Determine s(14).
-8
Let b(v) = -59*v**2 - v + 1. Determine b(1).
-59
Let o(d) = d**2 + 3*d - 26. What is o(-6)?
-8
Let c(r) = r**2 + 7*r - 38. What is c(-11)?
6
Let u(q) = -2*q**2 + 16*q - 23. Calculate u(7).
-9
Let x(s) = -3*s + 65. Give x(22).
-1
Let u(t) = 13*t + 242. Give u(-18).
8
Let g(x) = -30*x**2 - 181*x - 12. What is g(-6)?
-6
Let s(l) = 5*l - 22. Give s(5).
3
Let u(f) = 4*f**3 - 7*f**2 + 4*f - 12. What is u(2)?
0
Let z(m) = m**3 + 7*m**2 - 8*m - 1. Calculate z(-8).
-1
Let r(m) = -m**3 - 12*m**2 - 15*m + 2. Give r(-11).
46
Let d(b) = b**3 + b - 79. What is d(0)?
-79
Let d(k) = k**2 + 3*k - 5. Determine d(-3).
-5
Let z(v) = -4*v + 222. What is z(54)?
6
Let i(a) = -a**3 + 2*a**2 - 2*a + 9. Calculate i(0).
9
Let d(b) = -8*b - 15. Give d(-2).
1
Let a(i) = -i**2 - 12*i - 3. Determine a(-9).
24
Let s(f) = -f**3 + 3*f**2 + 4*f + 1. Calculate s(5).
-29
Let x(j) = -4*j - 25. Give x(-5).
-5
Let o(v) = 3*v**2 - 22*v. Determine o(9).
45
Let g(r) = r + 1. Calculate g(-3).
-2
Let v(c) = 14*c + 18. Give v(7).
116
Let h(t) = t**3 - 5*t**2 - 7*t + 7. Determine h(6).
1
Let z(y) = -36*y**3 - y**2 - y. Give z(-1).
36
Let l(q) = 6*q + 12. Determine l(5).
42
Let k(w) = 8*w**3 + 4*w**2 + 2*w. Determine k(-1).
-6
Let a(m) = m**2 - 39*m - 2. Calculate a(38).
-40
Let h(y) = 6*y**2 - 12*y + 19. Calculate h(6).
163
Let d(n) = 2*n + 44. Give d(-23).
-2
Let x(l) = l**3 - 8*l**2 + 8*l. Determine x(7).
7
Let x(a) = 3*a**3 - 7*a**2 + 3*a + 4. What is x(3)?
31
Let z(q) = q**2 + 2*q + 2. Determine z(-2).
2
Let j(d) = d**3 + 11*d**2 + 7*d - 23. Give j(-10).
7
Let c(r) = r**3 - 6*r**2 - 6*r - 1. Determine c(7).
6
Let k(a) = a**2 + 18*a + 62. Calculate k(-6).
-10
Let v(y) = -y**3 - 3*y**2 + 5*y + 1. Calculate v(-4).
-3
Let p(m) = -m**2 + 8*m - 4. Give p(7).
3
Let y(l) = 3*l - 6. What is y(-3)?
-15
Let b(n) = 4*n**2 - 18*n + 3. Calculate b(8).
115
Let g(u) = u**2 - 9*u - 1. What is g(6)?
-19
Let l(f) = -f**3 - 25*f**2 - 43*f + 76. What is l(-23)?
7
Let b(g) = -401*g - 2810. Calculate b(-7).
-3
Let y(q) = 18*q - 2. What is y(-1)?
-20
Let s(k) = k - 9. Calculate s(0).
-9
Let w(r) = -r**3 - r - 15. Give w(0).
-15
Let n(p) = p**3 - 4*p**2 - 3*p - 7. Determine n(0).
-7
Let b(r) = 2*r**2 - 22*r - 103. Determine b(14).
-19
Let c(a) = -3*a + 73. Give c(25).
-2
Let g(q) = -q**3 - 14*q**2 + 12*q - 45. Give g(-15).
0
Let c(y) = -11*y + 40. Give c(12).
-92
Let s(q) = -q**3 - 6*q**2 + 15*q - 19. What is s(-8)?
-11
Let a(p) = -p**3 - 19*p**2 - 31*p + 58. Calculate a(-17).
7
Let y(g) = g**2 - 9*g + 9. Give y(5).
-11
Let w(h) = h**2 + 18*h - 134. What is w(-23)?
-19
Let w(d) = d**2 + 8*d + 2. What is w(-8)?
2
Let o(s) = -5*s - 9. Calculate o(2).
-19
Let c(j) = -9*j - 44. Give c(-5).
1
Let p(c) = c**2 + 9*c + 3. Give p(-6).
-15
Let x(y) = y**3 - 2*y**2 - 3*y + 4. Give x(4).
24
Let t(k) = 10*k - 349. What is t(34)?
-9
Let b(l) = l**2 - 12*l - 5. Give b(14).
23
Let c(v) = -20*v**3 + 3*v**2 - 2*v. What is c(1)?
-19
Let o(b) = b**2 + 7*b + 12. Calculate o(-7).
12
Let v(w) = 2*w - 6. Determine v(8).
10
Let a(c) = 2*c**3 - 11*c**2 - 12*c + 36. Give a(6).
0
Let c(w) = -w + 3. Determine c(-7).
10
Let f(u) = -u**3 - 2*u**2 + 5*u + 3. What is f(-3)?
-3
Let s(a) = -189*a. Determine s(1).
-189
Let t(u) = 5*u**2 - 7*u - 8. What is t(5)?
82
Let m(n) = -2*n + 18. Calculate m(-9).
36
Let y(s) = 2*s**3 - 25*s**2 + 13*s - 16. What is y(12)?
-4
Let y(v) = 2*v**3 - 12*v**2 - 3*v + 6. Give y(5).
-59
Let o(x) = x - 7. What is o(5)?
-2
Let k(c) = -c**2 - 14*c + 24. What is k(-13)?
37
Let t(w) = -w**2 - 37*w - 267. What is t(-10)?
3
Let c(n) = n**3 - 4*n**2 + 5*n - 14. What is c(4)?
6
Let h(r) = -7*r**3 + 2*r**2 + 3*r. What is h(-2)?
58
Let d(n) = n**3 - 30*n**2 + 2*n - 42. Give d(30).
18
Let i(h) = h**3 - 2*h**2 - 7*h + 2. Calculate i(4).
6
Let p(v) = -21*v + 6. Determine p(3).
-57
Let s(u) = u**2 + 10*u + 18. Give s(-7).
-3
Let f(u) = -u**3 + 14*u**2 - 25*u + 6. What is f(11)?
94
Let m(b) = b - 17. What is m(10)?
-7
Let n(j) = -j**2 - 27*j - 177. What is n(-16)?
-1
Let k(v) = -v**2 + 19*v - 19. Give k(18).
-1
Let w(t) = 7*t**2 + 4*t + 3. Determine w(-3).
54
Let d(k) = 26*k - 1. Calculate d(-1).
-27
Let a(x) = x**3 + 9*x**2 - 7*x + 1. Determine a(-8).
121
Let h(d) = d**2 - 6*d - 3. Give h(5).
-8
Let x(r) = r - 2. What is x(21)?
19
Let x(p) = p - 15. What is x(0)?
-15
Let c(m) = 11*m - 7. Determine c(5).
48
Let t(p) = -4*p**2 - 8*p + 7. What is t(-4)?
-25
Let k(b) = 5*b - 28. Determine k(7).
7
Let n(s) = s**3 + 10*s**2 + s + 11. What is n(-10)?
1
Let p(q) = 2*q - 4. Give p(1).
-2
Let q(u) = -20*u - 362. What is q(-19)?
18
Let n(r) = r**3 + 8*r**2 + 9*r + 3. Give n(-6).
21
Let h(o) = o + 17. Determine h(-11).
6
Let o(t) = 16*t**3 - t**2 + 3*t - 2. Give o(1).
16
Let s(d) = 17*d + 23. What is s(6)?
125
Let z(n) = n**2 - 6*n + 15. Give z(7).
22
Let a(m) = -m**2 - 29*m + 164. What is a(5)?
-6
Let j(f) = -f**2 - 22*f - 34. Determine j(-20).
6
Let g(l) = -2*l**3 - 52*l**2 - 58*l - 200. Determine g(-25).
0
Let t(s) = 5*s - 49. Determine t(8).
-9
Let p(t) = -24*t - 190. Calculate p(-8).
2
Let w(d) = -3*d**2 - 87*d - 7. Calculate w(-29).
-7
Let p(b) = b**2 - 2*b - 105. Calculate p(-9).
-6
Let q(w) = 19*w - 1. Determine q(3).
56
Let r(t) = -34*t + 1075. Calculate r(32).
-13
Let o(i) = -i**2 - 7*i + 2. Determine o(-8).
-6
Let i(o) = o**3 - 24*o**2 - 27*o + 18. What is i(25)?
-32
Let q(s) = s**3 - 12*s**2 + 22*s - 22. Calculate q(10).
-2
Let t(o) = -2*o**3 + o**2 - o + 25. What is t(0)?
25
Let g(y) = -2*y + 15. Give g(10).
-5
Let x(q) = -q**3 - 15*q**2 - q - 25. Give x(-15).
-10
Let y(b) = b**2 - 5*b + 3. What is y(3)?
-3
Let y(c) = c**2 - 9*c + 11. Calculate y(6).
-7
Let s(j) = 2*j - 52. Give s(21).
-10
Let n(r) = 3*r**2 - 30*r - 124. What is n(13)?
-7
Let i(z) = -25*z + 38. Calculate i(4).
-62
Let u(t) = -t**3 + 16*t**2 - t + 14. Calculate u(16).
-2
Let p(z) = -24*z + 2. Calculate p(3).
-70
Let k(a) = -3*a - 32. Determine k(-14).
10
Let w(v) = 3*v + 10. Give w(-3).
1
Let a(v) = 2*v. What is a(-4)?
-8
Let p(k) = 25*k - 28. Calculate p(1).
-3
Let l(g) = -3*g**2 + 4*g + 5. Calculate l(-2).
-15
Let u(g) = g**3 - 2*g - 1. Give u(0).
-1
Let s(q) = -q**3 - 8*q**2 - 2*q + 1. Determine s(-6).
-59
Let p(g) = 3*g + 14. What is p(-10)?
-16
Let w(m) = -4*m + 5. Determine w(-8).
37
Let r(q) = 31*q + 158. What is r(-5)?
3
Let a(f) = f**3 + 25*f**2 + 66*f - 2. What is a(-22)?
-2
Let s(i) = -i**3 - 4*i**2 - 5*i - 3. Give s(-3).
3
Let t(q) = q**2 + 13*q - 20. What is t(-14)?
-6
Let k(r) = r**3 - 2*r**2 - 22*r - 8. Calculate k(6).
4
Let g(t) = 4*t + 196. Determine g(-50).
-4
Let l(d) = -5*d + 17. What is l(2)?
7
Let a(d) = -3*d**2 + 24*d - 7. Determine a(8).
-7
Let j(s) = -s - 25. Calculate j(-20).
-5
Let c(y) = y**3 - 6*y**2 + 5*y - 2. What is c(7)?
82
Let v(g) = g**2 - 3. What is v(-2)?
1
Let d(g) = 17*g**2 + 51*g + 1. Determine d(-3).
1
Let v(d) = -2*d - 28. Calculate v(-18).
8
Let h(o) = -o + 20. What is h(16)?
4
Let w(q) = 3*q - 14. Determine w(13).
25
Let m(w) = w**3 + 5*w**2 - 8*w - 4. Determine m(-6).
8
Let u(v) = -v**2 + 4*v - 7. Give u(3).
-4
Let p(m) = -m**2 - 5*m - 2. What i